culate o(-7).
0
Let x(s) = s**3 - 5*s**2 - 23*s + 3. Determine x(8).
11
Let q(l) = -2*l - 6. Give q(4).
-14
Let g(h) = -3*h - 25. Give g(-1).
-22
Let h(i) = -i**3 + 4*i**2 - 3*i + 3. Give h(4).
-9
Let x(u) = -u**3 + 27*u**2 - 49*u - 29. What is x(25)?
-4
Let o(i) = 8*i + 10. Calculate o(2).
26
Let z(u) = -u**2 - 5*u - 4. Calculate z(8).
-108
Let m(u) = -u**3 + 30*u**2 + 2*u - 50. Determine m(30).
10
Let v(k) = 7*k**3 - 2*k**2 - k. Give v(-1).
-8
Let g(q) = q**3 + 4*q**2 - 4. Determine g(-3).
5
Let o(a) = -a**3 - 3*a**2 + 20*a + 5. Give o(-6).
-7
Let c(v) = -v**2 + 6*v - 6. Determine c(4).
2
Let u(n) = 24*n + 106. Determine u(-5).
-14
Let u(y) = -y**3 - 7*y**2 - 6*y - 5. Calculate u(-6).
-5
Let w(h) = h**3 - 5*h**2 + 10*h - 13. Determine w(4).
11
Let s(w) = -15*w + 588. Determine s(39).
3
Let p(x) = x**2 - 12*x + 49. Determine p(7).
14
Let j(a) = 16*a - 2. Calculate j(1).
14
Let k(t) = t**2 - 5*t + 3. What is k(4)?
-1
Let l(j) = j**2 + 5*j - 10. Calculate l(5).
40
Let v(w) = 4*w**2 + w + 3. Calculate v(3).
42
Let k(s) = 7*s - 23. Determine k(8).
33
Let v(n) = -2*n**2 + 43*n. What is v(22)?
-22
Let a(m) = m**3 + 19*m**2 + 36*m + 45. Calculate a(-17).
11
Let t(c) = c**3 + 6*c**2 + 4*c + 4. Calculate t(-5).
9
Let u(a) = a**3 - 3*a**2 - a - 2. Calculate u(-3).
-53
Let i(n) = -n**2 - 21*n - 26. What is i(-20)?
-6
Let f(j) = -5*j + 157. What is f(28)?
17
Let n(r) = -11*r + 37. What is n(5)?
-18
Let c(r) = 2*r**2 - 6*r - 3. Calculate c(-4).
53
Let z(a) = -2*a**2 - 46*a - 89. Calculate z(-21).
-5
Let w(u) = -2*u + 1. Determine w(-3).
7
Let w(u) = -2*u + 74. Calculate w(37).
0
Let g(t) = t - 6. What is g(4)?
-2
Let q(l) = -2*l**2 + 19*l + 55. Give q(12).
-5
Let a(q) = 2*q**3 - 7*q**2 + q + 7. Calculate a(3).
1
Let f(z) = 10*z - 33. Determine f(4).
7
Let d(z) = 3*z - 33. Calculate d(3).
-24
Let v(c) = -c**2 + 23*c - 22. What is v(22)?
0
Let u(b) = -b**3 + 4*b**2 + 7*b + 6. Calculate u(6).
-24
Let o(d) = 18*d - 15. Give o(-7).
-141
Let y(q) = q**3 - 17*q**2 - 41*q + 26. Calculate y(19).
-31
Let j(m) = m**3 + 12*m**2 + 12*m + 11. Determine j(-11).
0
Let y(w) = w**2 + 14*w - 25. Give y(2).
7
Let j(q) = q + 4. What is j(2)?
6
Let c(g) = 3*g**2 + 33*g - 70. Determine c(2).
8
Let j(y) = -y**2 - 97*y - 456. Give j(-5).
4
Let i(d) = -26*d - 2. Determine i(5).
-132
Let k(t) = t**3 - 27*t**2 - 33*t + 138. What is k(28)?
-2
Let v(d) = -d**3 + 11*d**2 - d + 20. Determine v(11).
9
Let j(l) = l**3 - 9*l**2 + 15*l - 6. What is j(6)?
-24
Let u(p) = 24*p - 699. Give u(29).
-3
Let l(o) = 18*o**2 + 1. Determine l(-1).
19
Let f(t) = t**2 + 19*t + 9. Determine f(-18).
-9
Let j(a) = -a**3 - a**2 - a - 13. Give j(0).
-13
Let n(t) = t**2 - 14*t + 4. What is n(8)?
-44
Let v(s) = 163*s + 331. Calculate v(-2).
5
Let j(r) = 99*r + 99. Determine j(-1).
0
Let y(r) = -r**3 - 6*r**2 + 7*r + 1. Determine y(-7).
1
Let q(y) = -y**2 + 16*y + 8. What is q(16)?
8
Let y(v) = -v**2 + 7*v + 18. Calculate y(9).
0
Let k(l) = 2*l + 26. What is k(14)?
54
Let p(o) = -18*o + 259. Calculate p(14).
7
Let k(s) = -s + 1. Determine k(-4).
5
Let k(i) = i**2 - 5*i - 3. Give k(7).
11
Let z(s) = 7*s + 43. What is z(-12)?
-41
Let a(z) = -z**2 + 32*z - 47. What is a(29)?
40
Let k(o) = -2*o + 8. Determine k(8).
-8
Let i(z) = -z**3 - 20*z**2 - 20*z + 13. Give i(-19).
32
Let a(n) = n**3 + 10*n**2 - 5*n + 70. Determine a(-11).
4
Let r(i) = -2*i**3 + 4*i**2 + 4*i - 14. Give r(2).
-6
Let x(d) = d**3 - 10*d**2 - 2*d - 14. What is x(11)?
85
Let i(b) = -7*b - 1. What is i(-2)?
13
Let t(d) = -d**3 + 9*d**2 - 7*d + 24. Determine t(9).
-39
Let y(s) = -10*s + 243. Give y(25).
-7
Let v(r) = -r**3 - 4*r**2 + 3*r - 6. Determine v(-5).
4
Let c(q) = q - 12. Determine c(6).
-6
Let a(w) = 2*w**3 - 58*w**2 + 57*w - 27. Give a(28).
1
Let v(d) = 168*d - 1510. Calculate v(9).
2
Let a(b) = 7*b**3 + 5*b**2 + 7*b + 5. Give a(-2).
-45
Let j(m) = m - 2. Calculate j(-1).
-3
Let r(p) = p**3 + 14*p**2 + 14*p + 11. Determine r(-13).
-2
Let v(m) = -m**3 - 6*m**2 - 4*m - 8. Calculate v(-6).
16
Let h(i) = i**2 + 24*i + 7. What is h(-22)?
-37
Let v(g) = -3*g**2 - 73*g - 34. Determine v(-24).
-10
Let f(t) = -4*t**3 + t - 1. Calculate f(-3).
104
Let g(a) = -197*a - 1180. What is g(-6)?
2
Let z(p) = p**3 + p**2. What is z(-1)?
0
Let u(t) = -t**3 - 12*t**2 + 12*t. Give u(-13).
13
Let y(x) = 87*x**3 - x**2 - 4*x - 2. Give y(-1).
-86
Let k(x) = -x**2 - 20*x - 16. What is k(-14)?
68
Let v(o) = o**3 + 4*o**2 + 5*o + 8. Give v(-4).
-12
Let k(t) = 4*t - 58. What is k(17)?
10
Let t(i) = 4*i**2 + i - 2. Give t(-2).
12
Let n(a) = -a**2 - 82*a + 261. Give n(3).
6
Let s(o) = -32*o - 117. Calculate s(-4).
11
Let y(d) = 27*d**2 + 109*d + 10. What is y(-4)?
6
Let a(d) = d**2 - 9*d - 2. What is a(8)?
-10
Let k(d) = 2*d**2 - 9*d - 5. Calculate k(7).
30
Let o(k) = k**2 - 10*k - 29. Give o(14).
27
Let n(a) = -a**3 + 7*a**2 - 5*a + 3. Determine n(4).
31
Let w(a) = -a**3 + 15*a**2 - 12*a + 7. Determine w(14).
35
Let n(w) = -4*w + 23. Give n(2).
15
Let y(z) = -z**2 - 16*z + 140. Calculate y(-23).
-21
Let z(f) = f**2 + 15*f - 1. What is z(-15)?
-1
Let r(o) = o**3 - 53*o**2 - 111*o + 51. What is r(55)?
-4
Let l(j) = 4*j - 38. Give l(9).
-2
Let j(r) = -r**3 - 7*r**2 - 5*r - 7. Determine j(-6).
-13
Let l(y) = -2*y**2 + 4*y - 1. Calculate l(2).
-1
Let n(c) = -c**3 + 8*c**2 - c - 4. What is n(6)?
62
Let b(c) = c**2 + 4*c - 45. Determine b(-9).
0
Let u(m) = -m - 16. Calculate u(16).
-32
Let b(h) = h**2 - 24*h - 13. What is b(24)?
-13
Let u(x) = x**3 + 6*x**2 + 5*x - 7. What is u(-5)?
-7
Let b(p) = p**3 + 8*p**2 + 10*p - 6. Determine b(-6).
6
Let j(o) = -o**2 - 6*o - 6. Determine j(-4).
2
Let o(c) = c**3 - 2*c**2 + 3*c - 10. What is o(4)?
34
Let l(r) = 12*r**2 + 4*r + 3. What is l(-1)?
11
Let p(g) = g**2 + 7*g - 16. Determine p(-9).
2
Let i(z) = -28*z. Calculate i(-1).
28
Let l(d) = -d**3 - 4*d**2 + 3*d + 1. Calculate l(-3).
-17
Let r(p) = 2*p**2 - 4*p + 5. Give r(2).
5
Let g(z) = 5*z - 6. Give g(5).
19
Let z(h) = h + 15. Give z(11).
26
Let l(g) = -g - 15. What is l(-13)?
-2
Let j(b) = 4*b + 21. Determine j(-7).
-7
Let y(v) = -v**3 + 2*v**2 - 2*v - 24. Give y(0).
-24
Let o(v) = v**2 - 8*v - 7. What is o(10)?
13
Let b(f) = 2*f**2 - 34*f + 121. What is b(5)?
1
Let t(l) = l**3 - 4*l**2 + l - 16. Give t(7).
138
Let x(b) = 2*b**2 + 13*b - 2. Determine x(-7).
5
Let p(r) = -6*r + 51. What is p(8)?
3
Let b(w) = -w**3 + 30*w**2 + 30*w + 33. What is b(31)?
2
Let i(k) = -9*k + 152. Calculate i(16).
8
Let w(g) = 2*g - 1. Give w(-11).
-23
Let q(i) = 2*i**2 + 7*i + 8. Determine q(-3).
5
Let o(p) = p**3 - 24*p**2 - 30*p + 100. Give o(25).
-25
Let x(w) = -4*w - 8. What is x(-3)?
4
Let x(q) = -q**3 + 5*q + 5. What is x(3)?
-7
Let r(u) = -u**3 - 18*u**2 - 17*u + 41. Calculate r(-17).
41
Let q(o) = o**3 - 7*o**2 - 26*o + 80. Calculate q(9).
8
Let d(z) = z**3 + 2*z**2 - 2*z - 8. Calculate d(-2).
-4
Let b(v) = -v + 7. Give b(3).
4
Let z(f) = -2*f**3 - 2*f**2 + 4*f - 1. What is z(-3)?
23
Let o(l) = -2*l - 4. Determine o(7).
-18
Let d(w) = -w**3 + 4*w**2 + 3*w - 4. Determine d(4).
8
Let k(v) = -v**2 + 9*v - 4. Determine k(12).
-40
Let s(k) = -k - 69. Determine s(0).
-69
Let u(v) = 77*v**3 + v**2. Calculate u(-1).
-76
Let p(h) = -h**3 + h**2. Determine p(1).
0
Let m(x) = -2*x**2 - 6*x + 10. Calculate m(-4).
2
Let l(q) = q**3 + 18*q**2 - 40*q - 3. Determine l(-20).
-3
Let i(l) = -l - 17. Calculate i(-16).
-1
Let q(d) = -d + 8. What is q(3)?
5
Let b(k) = -3*k - 2. Give b(4).
-14
Let z(m) = 23*m - 65. What is z(4)?
27
Let z(i) = -14*i**2 + 19*i - 3. Determine z(3).
-72
Let v(n) = 3*n**3 + 4*n**2 + 2*n. Calculate v(-2).
-12
Let z(i) = -11*i - 7. Determine z(-5).
48
Let r(z) = z**2 - 4*z - 3. Determine r(-2).
9
Let n(j) = j**2 + 3*j + 65. Calculate n(0).
65
Let o(v) = v**3 - v**2 - 16*v - 6. Determine o(-4).
-22
Let x(k) = -k**2 - 17*k - 83. What is x(-9)?
-11
Let n(v) = -3*v**2 + 4*v - 4. Determine n(2).
-8
Let n(s) = -s**3 - 10*s**2 - 5*s + 7. What is n(-9)?
-29
Let v(a) = -2*a + 8. Give v(11).
-14
Let c(r) = -r**3 - 8*r**2 - 4. What is c(-8)?
-4
Let j(t) = -3*t**2 + t + 7. Give j(-3).
-23
Let o(m) = m**3 + 9*m**2 - 13*m - 11. Calculate o(-10).
19
Let t(g) = -g**3 - 6*g**2 + 3*g - 8. What is t(-7)?
20
Let a(l) = 44*l - 5. Calculate a(-1).
-49
Let u(t) = -2*t**2 - 12*t + 165. What is u(-13)?
-17
Let z(